6
What is the remainder when 5766 is divided by 5669?
97
Calculate the remainder when 41002 is divided by 134.
132
What is the remainder when 67553 is divided by 367?
25
What is the remainder when 512 is divided by 47?
42
What is the remainder when 385510 is divided by 5?
0
What is the remainder when 5475 is divided by 41?
22
What is the remainder when 7371 is divided by 1491?
1407
Calculate the remainder when 21337 is divided by 248.
9
Calculate the remainder when 175093 is divided by 68.
61
What is the remainder when 333 is divided by 95?
48
Calculate the remainder when 194215 is divided by 19.
16
What is the remainder when 333749 is divided by 66745?
24
Calculate the remainder when 1705 is divided by 566.
7
What is the remainder when 62458 is divided by 36?
34
Calculate the remainder when 2709 is divided by 654.
93
What is the remainder when 11723 is divided by 5858?
7
What is the remainder when 4427 is divided by 870?
77
What is the remainder when 24217 is divided by 45?
7
Calculate the remainder when 1665 is divided by 325.
40
Calculate the remainder when 1199 is divided by 26.
3
What is the remainder when 42677 is divided by 265?
12
What is the remainder when 7085 is divided by 563?
329
Calculate the remainder when 533 is divided by 65.
13
What is the remainder when 6584 is divided by 1184?
664
Calculate the remainder when 1928 is divided by 241.
0
What is the remainder when 85069 is divided by 14?
5
What is the remainder when 293 is divided by 66?
29
What is the remainder when 1405 is divided by 1393?
12
What is the remainder when 2564 is divided by 94?
26
What is the remainder when 1710 is divided by 595?
520
Calculate the remainder when 2443 is divided by 681.
400
Calculate the remainder when 8240 is divided by 171.
32
Calculate the remainder when 3471 is divided by 1723.
25
Calculate the remainder when 530 is divided by 188.
154
What is the remainder when 6887121 is divided by 339?
336
Calculate the remainder when 446 is divided by 377.
69
Calculate the remainder when 4490 is divided by 1250.
740
What is the remainder when 14867 is divided by 1480?
67
Calculate the remainder when 113834 is divided by 164.
18
What is the remainder when 52518 is divided by 69?
9
Calculate the remainder when 697 is divided by 52.
21
Calculate the remainder when 3935 is divided by 172.
151
Calculate the remainder when 731564 is divided by 226.
2
What is the remainder when 5321 is divided by 5230?
91
What is the remainder when 54879 is divided by 54849?
30
Calculate the remainder when 11257 is divided by 165.
37
What is the remainder when 80364 is divided by 95?
89
Calculate the remainder when 1136 is divided by 228.
224
Calculate the remainder when 2729294 is divided by 172.
170
What is the remainder when 187556 is divided by 23444?
4
What is the remainder when 145993 is divided by 9?
4
What is the remainder when 2838 is divided by 9?
3
Calculate the remainder when 68613 is divided by 5.
3
What is the remainder when 36949 is divided by 12313?
10
Calculate the remainder when 40491 is divided by 106.
105
What is the remainder when 8895 is divided by 202?
7
Calculate the remainder when 524992 is divided by 40.
32
What is the remainder when 35253 is divided by 52?
49
What is the remainder when 8170 is divided by 4083?
4
Calculate the remainder when 361491 is divided by 160.
51
Calculate the remainder when 505016 is divided by 9902.
14
Calculate the remainder when 107630 is divided by 5381.
10
Calculate the remainder when 6271 is divided by 693.
34
Calculate the remainder when 248971 is divided by 266.
261
Calculate the remainder when 132108 is divided by 132098.
10
Calculate the remainder when 6535 is divided by 109.
104
What is the remainder when 7947 is divided by 248?
11
Calculate the remainder when 21912 is divided by 132.
0
What is the remainder when 7945 is divided by 719?
36
What is the remainder when 193405 is divided by 383?
373
Calculate the remainder when 52278 is divided by 1936.
6
What is the remainder when 260613 is divided by 3102?
45
Calculate the remainder when 67738 is divided by 22544.
106
Calculate the remainder when 1552 is divided by 157.
139
Calculate the remainder when 13835 is divided by 22.
19
What is the remainder when 840915 is divided by 77?
75
What is the remainder when 6511 is divided by 1585?
171
Calculate the remainder when 227908 is divided by 71.
69
What is the remainder when 11011 is divided by 2595?
631
Calculate the remainder when 963 is divided by 912.
51
Calculate the remainder when 374852 is divided by 187419.
14
Calculate the remainder when 91390 is divided by 168.
166
Calculate the remainder when 72160 is divided by 74.
10
Calculate the remainder when 66177 is divided by 116.
57
What is the remainder when 523 is divided by 399?
124
What is the remainder when 22186 is divided by 56?
10
What is the remainder when 49899 is divided by 3113?
91
Calculate the remainder when 56256 is divided by 18748.
12
Calculate the remainder when 119085 is divided by 75.
60
What is the remainder when 21024 is divided by 6984?
72
What is the remainder when 185318 is divided by 769?
758
What is the remainder when 149783 is divided by 89?
85
Calculate the remainder when 6761 is divided by 2188.
197
Calculate the remainder when 910 is divided by 5.
0
Calculate the remainder when 113263 is divided by 16180.
3
Calculate the remainder when 23097 is divided by 150.
147
What is the remainder when 12155 is divided by 296?
19
What is the remainder when 153198 is divided by 242?
12
What is the remainder when 30924 is divided by 1987?
1119
What is the remainder when 29244 is divided by 81?
3
What is the remainder when 39536 is divided by 25?
11
Calculate the remainder when 54093 is divided by 644.
641
What is the remainder when 4643 is divided by 1503?
134
What is the remainder when 13795 is divided by 39?
28
Calculate the remainder when 4163 is divided by 420.
383
Calculate the remainder when 357899 is divided by 247.
243
Calculate the remainder when 169264 is divided by 165.
139
Calculate the remainder when 60099 is divided by 969.
21
What is the remainder when 129137 is divided by 8065?
97
What is the remainder when 17368 is divided by 1334?
26
What is the remainder when 32469 is divided by 331?
31
Calculate the remainder when 1297 is divided by 62.
57
Calculate the remainder when 3920 is divided by 662.
610
Calculate the remainder when 55295 is divided by 43.
40
What is the remainder when 163536 is divided by 22?
10
What is the remainder when 55684 is divided by 506?
24
What is the remainder when 68720 is divided by 315?
50
Calculate the remainder when 1842 is divided by 43.
36
Calculate the remainder when 4389 is divided by 141.
18
What is the remainder when 10806 is divided by 14?
12
What is the remainder when 13927 is divided by 1389?
37
What is the remainder when 7402 is divided by 28?
10
What is the remainder when 12034 is divided by 977?
310
What is the remainder when 65124 is divided by 56?
52
Calculate the remainder when 19242 is divided by 227.
174
Calculate the remainder when 11407 is divided by 509.
209
Calculate the remainder when 43297 is divided by 264.
1
Calculate the remainder when 264616 is divided by 34.
28
Calculate the remainder when 6638 is divided by 129.
59
Calculate the remainder when 10366 is divided by 5175.
16
Calculate the remainder when 401847 is divided by 150.
147
Calculate the remainder when 140682 is divided by 203.
3
What is the remainder when 121598 is divided by 95?
93
What is the remainder when 6797 is divided by 3?
2
Calculate the remainder when 84214 is divided by 12.
10
Calculate the remainder when 307301 is divided by 214.
211
Calculate the remainder when 97817 is divided by 477.
32
Calculate the remainder when 2348 is divided by 28.
24
What is the remainder when 135883 is divided by 135750?
133
What is the remainder when 78669 is divided by 639?
72
Calculate the remainder when 1383 is divided by 34.
23
What is the remainder when 790 is divided by 253?
31
Calculate the remainder when 27054 is divided by 94.
76
What is the remainder when 6649 is divided by 45?
34
Calculate the remainder when 171800 is divided by 527.
525
Calculate the remainder when 11862 is divided by 19.
6
Calculate the remainder wh